243. Suppose 2*s = 4, -x - r = -6*x - s. Is x/15 + 5 + 1/(-3) a composite number?
False
Let i = 21456 - -9043. Is i composite?
True
Let a(q) = 802*q - 749. Is a(19) a composite number?
False
Let z(n) = -n**2 - 5*n + 4. Let w be z(-7). Let q(f) = 21*f**2 - 15*f - 23. Is q(w) a composite number?
True
Suppose 37*p - 12*p = -28*p + 880807. Is p prime?
True
Suppose 30*d + 25*d - 8017405 = 0. Is d a composite number?
False
Suppose 0 = b - 4*o + 10, 4 - 7 = 3*b - 3*o. Is (1784/32)/(b - (-21)/(-12)) a prime number?
True
Suppose -68*w - 51*w = -34*w - 12652505. Is w composite?
False
Let d(a) = -81*a - 155 + 41 - 95*a - 41. Is d(-14) a composite number?
False
Let f(m) = -m**2 - 5*m - 5. Let z be f(-3). Let h(p) = -z - 19*p - 106*p + 20*p. Is h(-6) a prime number?
False
Let m be (-3)/39*62740 + (-4)/(-26). Is m/(-4)*(-4 + 6) composite?
True
Let v = 23118 + -455. Is v a prime number?
False
Let u = -4 - -4. Suppose 4*d = -3*c - 0*d + 4804, 5*d + 6364 = 4*c. Suppose u = -4*l + c - 400. Is l prime?
False
Suppose -23863 = -2*i - 9*i - 3546. Is i a composite number?
False
Let p be (-2 - (-6)/3)/2 - -3. Let b(m) = 2 - 4*m - 2*m**2 + m**2 - m**p - 13 + 10. Is b(-8) a prime number?
True
Let o(z) = -138*z**3 + 4*z**2 - 3*z + 11. Let r be o(-4). Suppose -4*u + 5*i + 86659 = 0, i - 30577 = -u - r. Is u a composite number?
False
Suppose -60*d = -66*d + 210. Suppose 3*b + 20 - d = 0, 4636 = 3*v + 5*b. Is v prime?
False
Let h(a) = -a**2 - 4*a - 51. Let l be h(0). Let i = -46 - l. Suppose -7*z + i*z = -2174. Is z prime?
True
Suppose 4*x - 99 = 1297. Let i be ((3/9)/1)/(14/210). Suppose i*n - 366 = x. Is n composite?
True
Suppose -2*g = f - 114361, 3*f - 46*g = -49*g + 343077. Is f composite?
True
Suppose 5*t + 144508 = -m + 1643627, -3*m - 2*t + 4497357 = 0. Is m a composite number?
True
Let d = 10770 + 389029. Is d a composite number?
True
Let n = -106 + 108. Suppose 0*g - 1 = g, 27347 = 3*v - n*g. Is v prime?
False
Is ((-432468)/7 - (-8)/56)/(25 - 26) a prime number?
True
Suppose -241*b = -243*b + 10. Suppose -5*h - 6237 + 31182 = 5*p, 0 = -4*h - b*p + 19960. Is h composite?
True
Suppose -295*a + 287*a = -884216. Is a prime?
True
Let j(h) = 8*h**3 + 33*h**2 - 9. Let u be j(-4). Suppose -u*z = -25*z + 101214. Is z prime?
True
Let j be (-2 + 6)*(1 - (-4437)/(-6)). Let p = j - -4598. Suppose -11*m + 7*m = -p. Is m prime?
False
Let o(y) = 13*y - 54*y - 17 + 0*y - 112*y. Suppose -4*v - 30 = v. Is o(v) composite?
True
Suppose 2*x + 2*x + 619 = -y, x + 145 = 3*y. Let z = 806 + x. Suppose -s = 3*s, -4*r + z = s. Is r a prime number?
True
Is 7*-1 + 303431322/613 a prime number?
True
Suppose 123*a - 12111892 = 21795145 - 7622060. Is a prime?
False
Let f(m) = 54*m**2 - 288*m + 665. Is f(61) prime?
True
Let h be 1/(1/(-70815))*128/(-384). Suppose 4*w + 23617 = 3*t, 3*t + 9*w = 10*w + h. Is t a prime number?
True
Let f be 5 + 5/5 + -1. Is ((-80970)/(-150))/(1/f) a prime number?
True
Let w(s) = -s**2 - 5*s - 2. Let f be w(-4). Suppose 5*r - 1450 + 4308 = 3*t, f*r + 1156 = -2*t. Let b = r - -1481. Is b composite?
False
Let k be -2*245740/6*(-126)/105. Suppose 73*l + k = 81*l. Is l a prime number?
False
Let b = -4850 - 1654. Let m = b + 9223. Is m a prime number?
True
Let i(d) = -d**3 - 15*d**2 + 2*d + 35. Let h = -21 + 4. Let v be i(h). Let z = 140 + v. Is z composite?
False
Suppose -3*a - 2*c - 31 = 0, -2*c = 3*a - 4*c + 23. Is (-63)/a - (-672 + 0) a prime number?
False
Suppose 2*l = -2*w + 6*w + 26, -2*w - l = 7. Let b(k) = k**2 + 3*k - 8. Let o be b(w). Suppose 4*h + 4*r = -0*r + 1060, h - o*r - 277 = 0. Is h prime?
True
Let w(f) = 245*f - 37. Let d be w(-13). Let g = 4147 - d. Is g prime?
True
Suppose 504 = 7*i - 3*i - 4*b, 5*i - 638 = b. Suppose -i = -j + 507. Is j a prime number?
False
Let u = 76 + -73. Let g be (u - 6 - 17/(-5))*10265. Suppose 19*d + g = 21*d. Is d a prime number?
True
Let r(b) = -265732*b + 2089. Is r(-7) composite?
False
Let w(n) = 47*n**2 - 87*n - 129. Let s(z) = 23*z**2 - 44*z - 66. Let y(r) = 13*s(r) - 6*w(r). Is y(-25) a composite number?
True
Let q(i) = 18*i + 63. Let o be q(-4). Let a(y) be the third derivative of y**6/120 + 4*y**5/15 + 7*y**4/24 - 5*y**3/6 + 2*y**2. Is a(o) a composite number?
False
Suppose 16*s + w - 452521 = 10*s, 2*s - 5*w - 150803 = 0. Is s prime?
False
Let y be 85/(-7) - (-2)/(-56)*-4. Is (16/y)/(8/(-19794)) prime?
True
Let c = 8327 - 5874. Let a = c + -296. Is a composite?
True
Let o(u) = 3*u**3 - 76*u**2 - 5*u - 119. Suppose 3*v + 60 - 177 = 0. Is o(v) composite?
False
Suppose -60*c = -5667157 - 21241103. Is c a composite number?
True
Suppose -3*o - 1 = 4*x, 5*o + 7 + 6 = -x. Suppose w + 1052 = c, -6*w = -w - x*c + 5263. Let z = w + 1694. Is z a composite number?
False
Let u = -1308 - -485. Let w be 3 - (0 - (-3)/3)*u. Suppose 0 = -4*v + 2*v + w. Is v a composite number?
True
Let s be (-322)/28 - 1/2. Let r = 407 + -416. Is (r - s)/(3/1623) a composite number?
True
Let x = -35563 - -79961. Suppose -6*i = -x + 2092. Is i a composite number?
True
Let j(z) = -z**3 + 5*z**2 + 10*z + 9. Let x be j(7). Let q(v) = 7*v**2 + 22*v + 10. Is q(x) prime?
False
Suppose 2*p - 25 = 1. Suppose p*l - 7189 = 6*l. Is l a prime number?
False
Let g be (-3208)/(-3) - (-2)/3. Let b be ((-27)/(-108))/((-2)/40). Is (g/b - -3)*-1 prime?
True
Let y be (-8)/(-6) - (-44)/12. Suppose y*t + 4*p - 79573 = 0, -3*p - 3844 - 27999 = -2*t. Is t a prime number?
False
Suppose -38*i - 197340 = -23*i. Let x = i + 22257. Is x a prime number?
False
Suppose -3*u - 2*v = 3*v - 4705, -3*u + 3*v + 4737 = 0. Suppose 5*r + u = 5*f, -4*r - 571 = -5*f + 1008. Is f a composite number?
True
Suppose -l - 168 = -15*l. Suppose -l*z + 20*z = 5608. Is z composite?
False
Let l(t) = 21 + 556*t + 6 + 175*t + 33. Is l(3) a composite number?
True
Let t(z) = -3*z + 10. Let q be t(0). Suppose r + 2*b = 3017, -q*r + 12*r + 2*b - 6036 = 0. Is r a composite number?
False
Let o = 280 - -622. Suppose 5*r + 166 - 1566 = 3*m, 5*m + 5*r = -2400. Let h = o + m. Is h prime?
False
Let q(r) be the first derivative of 28*r**3/3 - r**2 - 11*r - 88. Is q(-6) prime?
True
Let g be (-15)/(-9) + (-2)/(-6). Suppose g*l + 83 + 107 = 0. Let k = l - -402. Is k prime?
True
Let t = 79 + -80. Let s be -5*(t + -1 + (-48)/(-15)). Is (-4996)/s*1*12/8 a composite number?
False
Let b be (15/3 - -48) + (-1 - -2). Suppose b*s - 18213 = 51*s. Is s composite?
True
Let h = 1612 + 3259. Is h composite?
False
Suppose 19*n + 129159 + 73666 = 0. Let i = n + 22954. Is i a prime number?
False
Let i = -63179 - -208260. Is i a prime number?
False
Suppose 31220445 = 83*q - 83142848. Is q a prime number?
False
Suppose 278*i + 33 = 281*i. Is (324126/(-27))/i*3/(-2) prime?
True
Let s(g) = 3*g**3 - 20*g**2 + 18*g - 11. Let y = 237 - 213. Is s(y) a composite number?
True
Let f = 73671 + -28438. Is f a composite number?
False
Is ((-2)/(-4))/((-21)/(-32341204)*(-18)/(-27)) a composite number?
True
Let p(v) = 14215*v**2 + 13*v - 23. Is p(2) prime?
False
Suppose 21 = -4*x - 3*x. Let w be x - (5205/10)/((-2)/4). Suppose -6*i + w = -3*i. Is i composite?
True
Is 760702/(-138)*(1 - 4) composite?
True
Suppose -2*j = -10*n - 1595992 - 892240, 25 = 5*n. Is j a prime number?
True
Let j be (-12)/42 + (-13276)/(-14). Let s = j - -1137. Suppose 2*l - s = 89. Is l composite?
False
Let v = 38325 - 26524. Is v composite?
False
Suppose 3*z + 2*u - 9355 + 3447 = 0, -u + 5903 = 3*z. Let w = 2819 - z. Is w composite?
False
Suppose -135*g + 11373704 = -93*g + 110*g. Is g a prime number?
True
Let t(m) = -6*m + 19. Let w be t(3). Is w/(((-4)/(-12))/(95525/15)) a composite number?
True
Let d be 27/(-6)*(12 + -8). Let t = 20 + d. Is t/((3/87)/1) composite?
True
Let y(r) = -810*r**2 - 59 + 9*r + 1629*r**2 - 810*r**2. Is y(-7) prime?
False
Suppose 98*t - 16136846 = 76*t. Is t composite?
True
Let r be 10/(-15) + (-4)/((-48)/16676). Let k = -302 + r. Is k prime?
True
Let k = 7 + 16. Let i = k + -21. Suppose -1689 = -3*h - 2*z, 4 = -2*z - i. Is h composite?
True
Suppose 0 = -4*m - 4*m + 73944. Suppose 8*h + m = 11*h. Suppose -h = -5*o - 1091. Is o composite?
True
Let o be (12/18)/((-3)/99*2). Let i be o - ((-18)/(-24) - 14/8). Is (i/(-4))/(-1*3/(-138)) a prime number?
False
Let z = -132665 - -475312. Is z a prime number?
True
Suppose -8179 = -10*c + 1111. Suppose -i